14 = -4*g + d, -12 = 4*d. Is ((-4)/(-10))/((-7)/g) a prime number?
False
Let q be (29 - 7)/(1*2). Suppose -2*n - 1 + q = 0. Suppose -402 = -2*u + n*y, -4*y + 649 = -0*u + 3*u. Is u prime?
True
Suppose -6*q = -q - 15. Suppose 467 + 127 = -q*t. Let i = 361 + t. Is i a composite number?
False
Let g be ((-17)/(119/14126))/((-1)/2). Let o = g + -2381. Is o a composite number?
True
Suppose 41*n - 5660 = 341077. Is n a prime number?
False
Suppose 13*c - 19*c + 10938 = 0. Is c a prime number?
True
Let b(p) be the second derivative of 17*p**3/2 + 2*p**2 + 24*p. Is b(11) composite?
True
Let x(l) = l**2 - 10*l - 8. Let q be x(11). Suppose 7*f = q*f + 2984. Is f composite?
True
Is ((-2178)/(-108) - 19)/(1/78558) a prime number?
False
Suppose -3*w - 20*m + 18*m = -168181, -4*m + 56047 = w. Is w a composite number?
True
Let v(x) = 12*x**3 - 2*x + 2. Let o(g) = 13*g**3 + g**2 - 2*g + 3. Let b(t) = 3*o(t) - 4*v(t). Is b(-3) a prime number?
False
Let c(d) = -d + 2. Let s be c(2). Let h(u) = u**3 - u + 2. Let j be h(s). Suppose -p = p + j*z - 262, -5*p + 4*z + 619 = 0. Is p prime?
True
Let w(o) = 10*o**2 - 5*o - 91. Is w(-14) composite?
True
Let s be 4/30 + (-8)/180*3. Suppose 3*o = -2*o + 445. Suppose s = 3*b + n - 231, -5*n = b + 12 - o. Is b a prime number?
False
Let r(k) = -k**3 - 15*k**2 - 16*k - 6. Let p = 0 + -1. Let n be -5 + 3 - 13 - p. Is r(n) a composite number?
True
Suppose -5*n - 5*w = -57 - 8, 43 = 4*n + w. Is n/45 + (-15350)/(-18) composite?
False
Let z(t) = t. Let l be z(3). Let p(u) = 9*u + u - u + l*u**2 + 1. Is p(-6) a composite number?
True
Let p(x) = -6*x - 9. Suppose -4*y + 4*o - 42 + 14 = 0, 3*y + 17 = 4*o. Let h be p(y). Let g = h + -2. Is g composite?
True
Let i = -15 + 18. Let w be (i/(-12))/((-2)/16). Suppose 0 = w*u + 11 - 1413. Is u a prime number?
True
Suppose 2*p - 1 - 3 = 0. Suppose -2 = u + p. Is u/(-6) - 2378/(-6) composite?
False
Let i be ((-32)/144 + 28/45)*5. Suppose i*u + 0*u = 1090. Is u prime?
False
Let p(h) = 11 - 7 - 5 + h**2 + 5*h**3. Let t be p(1). Suppose t*m = 420 - 25. Is m a composite number?
False
Suppose 0*i + i - 6 = 0. Let y(o) = -3*o + 4. Let a be y(i). Let h = -8 - a. Is h composite?
True
Let y be (-5)/4 + (-4)/(-16). Let c be (4/(-10))/(y/5). Suppose t - 2*s = 43, -c*t - 5 = -3*s - 93. Is t a prime number?
True
Let s(f) = -22*f + 9*f - 5 + 2*f**3 + 5*f**2 + 10*f. Is s(4) composite?
False
Suppose 124 - 724 = -2*k. Let r(l) = 416*l**2 + 7*l + 22. Let c be r(-3). Suppose -5*f + c = -k. Is f a prime number?
True
Let f(w) = 71 - 69 + 153 + w + 221 + w**2. Let k be f(0). Suppose -k = o - 5*o. Is o composite?
True
Let t = 24986 - 15679. Is t prime?
False
Let u = 430 + -156. Is u prime?
False
Let z = -29 + 31. Suppose z*d - 4*n = 14, -4*d = 5*n - 74 + 20. Suppose -d*b + 8*b + 921 = 0. Is b composite?
False
Let q(y) = 705*y**2 - 1. Let c be q(1). Suppose -c - 338 = -o. Is o a prime number?
False
Let b(q) = -19*q**3 + 10*q**2 - 7*q + 3. Let m(k) = -39*k**3 + 21*k**2 - 15*k + 7. Let r(f) = 13*b(f) - 6*m(f). Is r(-5) prime?
False
Suppose 0 = 11*w - 265943 + 47692. Is w a prime number?
True
Is (108/18)/(4/34302) - 2 a composite number?
True
Let j(c) = c**3 - 5*c**2 - 2*c - 7. Let t(h) = -h**2 + 9*h - 1. Let n be t(8). Let l be j(n). Is 4/(-14) + 2409/l composite?
False
Let x(u) be the third derivative of 7*u**2 + 0*u + 0 + 3/4*u**4 + 13/6*u**3. Is x(6) composite?
True
Let x be -16 + 26 + 4/(-2). Let k = x + -6. Is ((-217)/(-2) - -3)*k a prime number?
True
Let i = 7544 - -17275. Is i a composite number?
True
Is -6 + (29414/(-2))/(-7) a composite number?
True
Suppose 15*r - 2164 = 14*r. Let q = r - 1121. Is q a composite number?
True
Let t = 10900 + -6039. Is t composite?
False
Suppose -12 - 6 = -3*i + 4*p, -p = 0. Suppose -62 + i = -o. Suppose -2*b - b + o = l, -5*b + 156 = 3*l. Is l a prime number?
True
Suppose 8*a - 63 = 2585. Is a a composite number?
False
Let r(y) = -y**3 - 9*y**2 - 8*y + 2. Suppose 0 = c + c + 16. Let s be r(c). Suppose -s*z = -278 - 464. Is z a prime number?
False
Suppose -7 = -a + v, v + 0*v = -4*a + 8. Suppose -k - a*k = -2164. Is k a composite number?
False
Suppose z - 2*j = 17209, -11*j + 10 = -6*j. Is z prime?
False
Suppose -45*n + 60*n - 98205 = 0. Is n a composite number?
False
Suppose 16*f - 14*f - 20074 = v, -2*v = -5*f + 50185. Is f composite?
False
Suppose 9*k = 10484 + 1945. Is k a prime number?
True
Let a = -56 - -86. Let m = a - 22. Is -66*(4/m - 1) prime?
False
Suppose 4*u = 3*u + 4. Suppose 12 + u = 4*r. Suppose -2*g + 197 = r*t - 481, 4*g - 1380 = -2*t. Is g a composite number?
False
Let o(r) = 81*r**2 + 117*r + 10. Is o(7) a composite number?
True
Let v = 1109 + -338. Is v a prime number?
False
Suppose 545*j - 35128 = 537*j. Is j a composite number?
False
Let t(k) = -k**2 + 10*k - 13. Let n be t(8). Let q(g) = -13*g**3 - 6*g**2 - 5 - n*g + 0*g**2 + g**2 - 3*g. Is q(-3) a prime number?
False
Suppose 0 = -v - 4*n + 7623, 5*n + 30 = 10. Is v composite?
False
Let y(l) = 3*l**2 - 1. Let x be y(-1). Let i be 1 + x - (-6 + 5). Suppose i*r = 3*r + 381. Is r composite?
True
Suppose 5*r - 2*g = 87783, 3*r + 4*g - 52666 = 9*g. Is r a composite number?
True
Let t(j) = -j**3 + 9*j**2 - 7*j - 11. Let g be t(8). Is (1*g)/(-6*(-4)/(-2032)) a composite number?
True
Let p(b) = b - 18. Let j be p(-11). Let s = j - -476. Is s prime?
False
Let v be 1508 + 1 + 9/(-3). Suppose -g - v = -3*g. Is g prime?
False
Suppose -5*f - 116 + 136 = 0. Suppose -1687 = -k + 5*g + 844, 2531 = k - f*g. Is k a composite number?
False
Let w be -5*(-5)/(25/2). Suppose -8085 = -5*r - 4*q, 0 = 4*q - w*q + 10. Is r prime?
True
Suppose -w + 4*m + 1385 = 0, 0 = -2*w - 3*m + 947 + 1856. Is w a composite number?
True
Is (-55466)/(-22) + 3*12/(-198) prime?
True
Let h(c) = 158*c**2 - 2*c + 1. Suppose 0 = -4*q + 9 + 3, -q + 7 = v. Let x(k) = -k**3 + 5*k**2 - 5*k + 5. Let d be x(v). Is h(d) a composite number?
False
Let v(d) = -23*d + 2. Let j(l) = 300*l - 25. Let r(o) = 3*j(o) + 40*v(o). Is r(-4) prime?
False
Let a = -72788 - -127695. Is a composite?
False
Let i be (-2)/4*66/(-3). Let q(v) = -4*v + 11*v + 6*v. Is q(i) composite?
True
Let s = 32 - 27. Suppose s*m + 138 = 8*m. Is m a composite number?
True
Is ((-152844)/30 - -7)*-5 prime?
True
Let f(k) = k**3 - 11*k**2 - 11*k - 17. Let m be f(12). Is -1*(4821/(-24) + m/40) composite?
True
Suppose 2*q = 6*q - 8. Suppose -4*c = 5*m - 878, c - 213 = -0*c + q*m. Is c a composite number?
True
Let a be 4 + (-2 - 1)/3. Suppose a*y = 911 + 1360. Is y composite?
False
Let j = 129823 - 92042. Is j a prime number?
True
Let h be 6/(-4) - (-81)/6. Suppose -7*o - 665 = -h*o. Is o a prime number?
False
Let j(h) = -303*h + 551. Is j(-40) a composite number?
False
Suppose -8*a = -11*a - 18. Let u be ((-1)/(-2))/(a/(-12)). Is (-20 + -3)*-17*u a composite number?
True
Suppose -8*a = -42729 - 13231. Is a prime?
False
Suppose 7*i = 9*i - 3118. Is i - 0/(-1 + 5) composite?
False
Suppose 5*t = -3*y + 2*t, -5*y - 2*t + 9 = 0. Let x be (4*(-3)/y)/(-2). Is x + (204/4)/1 prime?
True
Suppose -u + 9616 = u. Is 4/5 - u/(-40) a prime number?
False
Let n be (0 + 1)*(-9)/(-1). Let w = n + -7. Is (66/9)/(w/15) a composite number?
True
Let y = -2305 + 17276. Is y composite?
True
Let u = -11 - -1126. Is u composite?
True
Suppose 265 = x - 307. Suppose -4*a + 3*k + 1149 = 0, 3*a - x = a + 2*k. Is a composite?
True
Let h = 14 + -16. Let w be 0*((-3)/h - 1). Suppose -3*g = -4*i - 2021, w = -5*g - 3*i - i + 3411. Is g prime?
False
Let k(s) = s + 4. Suppose 0*l = 3*l - f + 20, -5*f = -10. Let v be k(l). Is ((-3760)/24)/(v/3) a prime number?
False
Is (6/(-9))/2 + (-9354)/(-9) a composite number?
False
Suppose h = 10*h - 1677501. Is h a prime number?
False
Let g = 11270 + 14423. Is g a composite number?
False
Let q(c) = 20*c + 3*c + 6 + 3. Let w(d) = 11*d + 4. Let t(l) = -3*q(l) + 7*w(l). Is t(4) composite?
True
Let j(s) = 143*s**2 + 6*s + 14. Let x be j(6). Suppose -3*o + 3120 = -0*o - 3*m, -3*m - x = -5*o. Is o prime?
True
Suppose 4*g = -h - 23, -5*g - 70 = 3*h + 2*h. Let i = h - -10. Is 109 + 0 + i + -2 composite?
True
Let o(c) = -20*c**2 + c + 8. Let h(l) = 7*l**2 - 3. Let b(u) = 17*h(u) + 6*o(u). Let f be b(2). Let r(m) = -m**3 + 8*m**2 - 4*m. Is r(f) prime?
False
Suppose 5*t + 720 = -230. Let p be (3/(-9))/((-2)/6).